2 + 5*v - 4. Let a be s(4). Suppose a*y - 5*y = 55. Let b(m) = -m - 8. Let c be b(y). Let l(t) = t**2 - t - 3. Calculate l(c).
3
Let a(f) = 2*f**2 + 0*f - 3*f**2 + f + f**3. Let q(k) = -4*k**3 - 21*k**2 - 3*k + 12. Let o be q(-5). Calculate a(o).
6
Let c be (112/(-40))/((-6)/15). Let x(j) = -j**3 + 6*j**2 + 8*j - 4. What is x(c)?
3
Let f = -8 - -6. Let y = 1 - f. Let x(v) = -2*v**3 + v**2 + 4 + y*v**2 + v**3. Give x(4).
4
Suppose -10 = 5*a, -2*u = 3*a + 2*a + 2. Let l = -4 + u. Let n be -5 + 3 - (l - 3). Let p(j) = -2*j + 1. Determine p(n).
-1
Let a(x) = 8*x**3 + 2*x**2 - 2*x + 8. Let g(t) = 8*t**3 + 2*t**2 - 2*t + 7. Let r(l) = 6*a(l) - 7*g(l). Let i(d) = d**2 + 3*d - 9. Let s be i(-5). What is r(s)?
-9
Let h(f) = f + 4. Let u be 10/(-4)*(-5 - -3). Suppose -4*s + 3 = -c, -3*c - 4 = 4*s + u. What is h(c)?
1
Let o(j) = j**3 - 5*j**2 - j + 5. Suppose 14 = 8*n - 18. Calculate o(n).
-15
Let y be ((-15)/10)/((-3)/(-6)). Let k(n) = -4*n + 1. Give k(y).
13
Let q(c) = c**3 + 39*c**2 + 38*c - 3. Let i be q(-38). Let u(d) = 2*d + 2 + 0 + d. Give u(i).
-7
Let q(k) be the first derivative of k**2 + 3*k - 2. Determine q(-3).
-3
Let g(k) = -5*k**3 + 8*k**2 - 1. Let w(h) = -5*h**3 + 7*h**2 - 1. Let s(p) = 5*g(p) - 6*w(p). Determine s(1).
4
Let l(n) = 5*n - 1 + 1 - 4 - n**2. Calculate l(4).
0
Let h(t) = t**2 + 6*t + 3. Suppose j + 30 = 5*j - g, -3*g - 6 = 0. Let n(a) = -2*a**2 - 3*a - 3. Let i be n(-3). Let f = i + j. Give h(f).
-2
Let b(g) be the second derivative of -g**4/4 - g. What is b(-2)?
-12
Let n(x) be the third derivative of -1/3*x**3 + 0*x + 1/24*x**4 + 0 + 1/60*x**5 - x**2. Let p be n(2). Let w(z) = -z**2 + 4*z. Determine w(p).
0
Let p(z) = z + 2. Suppose -5*u = -0*u + 15, -9 = -5*c - 2*u. Suppose 4 = -w + 3*w + 4*v, 0 = -2*w - c*v + 1. What is p(w)?
-2
Let z(v) be the first derivative of 2*v + 1/2*v**2 - 4. Determine z(-2).
0
Suppose -8 = -4*g + 4. Let v(z) = -z**2 - z**3 + 2*z**g + 4*z**2 - z - 2 - 2*z**2. Give v(-2).
-4
Let g(p) = 2*p - 4*p**2 + 3 + 3*p**2 + 2*p. Let u(h) = h + 18. Let o be u(-13). Determine g(o).
-2
Let y(u) = u**2 + u + 2. Let r be y(2). Let o(z) = -z**3 + 8*z**2 - z + 2. Give o(r).
-6
Let x(y) = y - 9. Let g(l) = 2*l - 18. Let i(k) = -3*g(k) + 7*x(k). Let s(o) = -o**2 - 6*o + 2. Let z be s(-5). Give i(z).
-2
Suppose 3*s - 2*s + 9 = 0. Let k(y) = -y**3 - 10*y**2 - 9*y - 4. Calculate k(s).
-4
Let b(x) = -x**2 - 4*x + 4. Let l(s) = s**3 + 7*s**2 + 6*s - 6. Let u be l(-6). Determine b(u).
-8
Let g(l) = -l. Suppose -4*c + 2*f - 10 = -0*f, 3*c - 25 = -5*f. Suppose 0 = -u - c*u. Suppose -5*w + 4*a + 7 - 24 = u, -27 = 5*w + a. Give g(w).
5
Let s(o) be the second derivative of o**3/6 - 3*o**2 - o. Suppose -a + 1 - 5 = 4*u, 2*u - 5*a + 2 = 0. Let y be 0/(1 + u + -2). Give s(y).
-6
Let q(s) be the first derivative of -s**2/2 + 14*s + 37. Calculate q(11).
3
Let j be (-9)/6*(-8)/6. Suppose -7*z + 20 = -j*z. Suppose m + 6 = z*m. Let r(f) = f**3 - f - 2. Calculate r(m).
4
Let t be (1 - 0)/((-1)/4). Let n = 9 + -4. Let s(a) = a + a**2 + n*a - a. What is s(t)?
-4
Let p(q) = q**2 - 2. Let y be p(2). Let u(z) = -3*z**2 + 3*z - 2. What is u(y)?
-8
Let v = -8 + 4. Let d(k) be the second derivative of -k**3/2 - 3*k**2 - 64*k. What is d(v)?
6
Let v be -20 + -2 + 0/(-1). Let y = 15 + v. Let h = 8 + y. Let b(u) = -4*u**3 + u**2 - u + 1. Determine b(h).
-3
Suppose 36*t - 41*t = 25. Let f(w) be the first derivative of -2 - 1/3*w**3 + 5*w - 3/2*w**2. What is f(t)?
-5
Suppose 0 = -4*k + 7 + 5. Let p(z) = -z + k + 2*z - 2*z. Give p(4).
-1
Let r(v) = -v**3 - v**2 + v - 1. Let d be r(-2). Let u(b) = 5*b - 6 - d - b. Give u(5).
13
Let h = -125 - -124. Let v(f) = 3*f**3 + f**2 - f - 1. What is v(h)?
-2
Let y = -2 - -1. Let g(c) = 9*c**2. Let a(h) = -8*h**2. Let f(p) = 3*a(p) + 2*g(p). Calculate f(y).
-6
Let h(o) = -5*o**3 + 9 - 2*o**2 + 5 - 18 - o + 4*o**3. Let z(d) = -2*d**2 - d. Let g be z(1). What is h(g)?
8
Let o(y) = y + 2. Let u be o(-6). Let x(p) = 13*p**3 + 6*p**2 - 8*p + 9. Let f(r) = -7*r**3 - 3*r**2 + 4*r - 5. Let q(m) = 11*f(m) + 6*x(m). Determine q(u).
-1
Let x(c) = c**2 - 4. Let u = -51 + 56. Determine x(u).
21
Let n be 0/(-1*(-1)/1). Let o(d) = 0*d + 0*d + d. Calculate o(n).
0
Let l(p) = 3*p. Suppose -5*v + 8 = -2*t, 3*t + 4 = 5*v - 8. Suppose -a - 4*a = v. Let g(w) = -w + 2. Let o be g(a). Give l(o).
6
Let h(v) = -14*v**2 - 20*v - 9. Let s be ((-22)/(-4))/((-1)/(-2)). Let w(n) = 5*n**2 + 7*n + 3. Let i(x) = s*w(x) + 4*h(x). Calculate i(-3).
-3
Let o(u) = 9*u**2 - 1 + 9*u**2 - 19*u**2 - 3*u + u. Determine o(-3).
-4
Let y(m) be the second derivative of m**4/12 + 2*m**3/3 - m**2/2 + m. Let n be y(-4). Let k(o) = 2*o**3 - 2*o**2 + 1. Calculate k(n).
-3
Let r(i) = 5*i + 2. Let t = 27 + -25. Calculate r(t).
12
Let r be 2/5 - 66/15. Let l(j) be the first derivative of j**2/2 + j + 15. What is l(r)?
-3
Let m(p) = 5*p - 4. Let q(f) = -1 + 6*f - 1 - 6 + 3*f. Let k = 16 - 9. Let w(r) = k*m(r) - 4*q(r). Give w(2).
2
Let j(h) = -2*h - 3. Suppose -2*c + 5*f + 6 - 32 = 0, f + 11 = -5*c. Let n(l) = 1. Let r(m) = m + 5. Let z(b) = -6*n(b) + r(b). Let i be z(c). Calculate j(i).
5
Let c(d) = 6*d**2 + 10*d - 1. Let j(f) = -f**2 - f. Let y(h) = c(h) + 5*j(h). Let r be -4 + (-4)/(-14) + 14/(-49). Calculate y(r).
-5
Let x(r) = 27 + r**2 + 3*r - 34 + 2*r. Determine x(-6).
-1
Let y(q) be the first derivative of 2*q**3/3 - q**2/2 - 7. Suppose x = 3*h - x - 2, -5*h - 3*x = -16. What is y(h)?
6
Let s(h) = -h**2 + h - 3. Let x(y) = 2*y - 3. Let i(q) = q**3 - 4*q**2 - 3*q - 6. Let m be i(5). Suppose 2 = -m*w + 14. Let d be x(w). Give s(d).
-9
Let k = 2 - 1. Let h = k + -2. Let n(p) be the first derivative of p**2/2 + p + 8. Calculate n(h).
0
Let q(f) = -f**2 - f + 5. Let s(g) = -g**2 - 8*g - 12. Let y be s(-6). Calculate q(y).
5
Let n(t) = 5*t. Suppose 0 = -4*c + 3 + 1. Suppose -2*w = -r + c + 5, -3*r = 3*w. Give n(r).
10
Suppose -5*m = -4*x + 43 + 2, x = -m. Let p(l) = l + 6. Let u(z) = z + 7. Let o(a) = -5*p(a) + 4*u(a). What is o(m)?
3
Let a(r) = -8*r**2 - 10*r**2 + 17*r**2 - 2*r - 1. Suppose -2*i + 1 = 7. What is a(i)?
-4
Let m(a) be the second derivative of -3*a - 1/12*a**4 + 0 + 0*a**2 + 0*a**3 + 1/4*a**5. What is m(1)?
4
Let t = -6 - -5. Let b be 3*(-2 - t) + -1. Let p(f) = 2*f + 3. Determine p(b).
-5
Let a(r) = -r**2 + 5*r + 8. Let w be a(6). Suppose 4*f - 6*f = -2. Let i(k) = 2 - k - f - k. Give i(w).
-3
Let y(g) = -1 + 2*g - g + 0. Suppose -2*u = 2*i - 4*i + 8, 21 = 4*i + u. Calculate y(i).
4
Let n(v) = 12*v**2 - 8*v + 11. Let d(j) = 4*j**2 - 3*j + 4. Let c = -7 - -15. Let a(s) = c*d(s) - 3*n(s). Calculate a(-1).
-5
Suppose 0 = -u - u + 4. Suppose 0*n - 31 = -5*y - u*n, 5*n + 3 = -y. Let v = y - 3. Let k(w) = -w**3 + 4*w**2 - w - 1. Calculate k(v).
-5
Let u(y) = y - 3. Let s be 2/(5 - 3)*-3. Give u(s).
-6
Suppose 0*g - 3*g + 4*i = 20, -3*g - 5*i + 25 = 0. Let z(f) = 0*f - 4*f + 5*f + g*f. Determine z(-6).
-6
Let a(b) = 2*b - 4. Let r be a(-8). Let j = r + 14. Let q(n) = -4*n**3 + n**2 - 5. Let y(m) = 5*m**3 - m**2 + 6. Let w(v) = j*q(v) - 5*y(v). Calculate w(0).
0
Let p(b) = b + 3. Suppose 2*g + 0*g + 16 = 0. What is p(g)?
-5
Suppose 2 = 5*x - 2*u, 4*x - 5*x + 2*u - 6 = 0. Let d(j) be the first derivative of -1/3*j**3 + 7/2*j**2 + 1 - x*j. Determine d(5).
8
Suppose 0 = 5*b - 10. Let l(k) = -k**b - 1 + 4*k**2 + 10*k**2 - 8*k**2. Give l(-1).
4
Let i(w) = -w + 1. Let o(x) = 5*x - 6. Let n(c) = -6*i(c) - o(c). Give n(7).
7
Let y(g) be the third derivative of -g**4/24 - 5*g**3/6 - 13*g**2. What is y(5)?
-10
Let z = -99 - -99. Let m(p) = p**2 - 16. Give m(z).
-16
Let p(a) = -4*a - 13. Let i(h) = -h**2 - 2*h + 6. Let b be i(-3). Let w(u) = 11*u + 38. Let f(v) = b*w(v) + 8*p(v). Give f(-5).
5
Let k(h) = -h**3 - 2*h**2 - 3*h - 2. Let q = 4 - 5. Let x = q + -1. Give k(x).
4
Suppose b + 15 = 6*b. Let s = 10 - 6. Let g(z) = -z + 1 + s - b. Determine g(-4).
6
Let u(f) = 3*f**2 - 2*f - 2. Let p(v) = -v**2 + v. Let k(o) = 2*p(o) + u(o). Give k(4).
14
Let x(q) = 24 - 3*q**2 + q - 47 + 24. Calculate x(2).
-9
Let r be 909/99 - (-4)/(-22). Let l(j) = -j**2 + 9*j + 7. Determine l(r).
7
Let r = 10 - 6. Suppose 3*o + o = -r. Let b(a) be the third derivative of -a**4/6 + a**2. Give b(o).
4
Let d(t) be the third derivative of t**8/20160 - t**7/1008 + t**6/360 - t**5/60 - 4*t**2. L